osite?
False
Is 27359 composite?
True
Is 1664099 prime?
False
Is 253763 a prime number?
True
Is 30547 a composite number?
True
Is 48073 a prime number?
True
Is 2833 composite?
False
Is 30047 a composite number?
False
Is 449219 a prime number?
False
Is 178547 prime?
False
Is 1194031 a prime number?
True
Is 126539 prime?
False
Is 74147 a prime number?
False
Is 583703 prime?
False
Is 438589 a prime number?
True
Is 14903 a prime number?
False
Is 10391 composite?
False
Is 3083 a prime number?
True
Is 375833 composite?
False
Is 172147 prime?
True
Is 83891 composite?
False
Is 22441 a prime number?
True
Is 128857 a prime number?
True
Is 2773 composite?
True
Is 19373 a composite number?
False
Is 30631 a prime number?
True
Is 4663 a prime number?
True
Is 4609 composite?
True
Is 2477 a prime number?
True
Is 156121 a prime number?
False
Is 211921 a composite number?
True
Is 36889 a composite number?
True
Is 10211 composite?
False
Is 43853 composite?
False
Is 20857 prime?
True
Is 3527 composite?
False
Is 3049 a prime number?
True
Is 16603 prime?
True
Is 939629 a composite number?
True
Is 3127 prime?
False
Is 157393 a prime number?
True
Is 587 composite?
False
Is 21251 a composite number?
True
Is 572951 composite?
True
Is 29819 a prime number?
True
Is 493445 a composite number?
True
Is 9131 a prime number?
False
Is 1703321 prime?
False
Is 1598681 composite?
True
Is 70259 composite?
True
Is 1919 composite?
True
Is 55987 prime?
True
Is 475051 composite?
False
Is 171053 prime?
True
Is 4747 prime?
False
Is 37 a prime number?
True
Is 143755 prime?
False
Is 215723 composite?
False
Is 3365 prime?
False
Is 2544209 a composite number?
False
Is 29611 a prime number?
True
Is 96527 a composite number?
False
Is 225233 prime?
False
Is 16543 prime?
False
Is 39119 a composite number?
False
Is 3017 prime?
False
Is 28261 a prime number?
False
Is 82177 a composite number?
True
Is 258373 a composite number?
False
Is 46471 prime?
True
Is 138499 a prime number?
False
Is 16481 a prime number?
True
Is 4369 a composite number?
True
Is 27681 composite?
True
Is 434489 composite?
True
Is 17219 composite?
True
Is 122201 a prime number?
True
Is 165877 a composite number?
False
Is 53293 prime?
False
Is 23369 composite?
False
Is 797 a prime number?
True
Is 224747 a prime number?
False
Is 3389 a composite number?
False
Is 99347 a composite number?
False
Is 1973 composite?
False
Is 1657 a prime number?
True
Is 24137 a composite number?
False
Is 618167 a prime number?
False
Is 16143 prime?
False
Is 23105 composite?
True
Is 45737 composite?
False
Is 1543 composite?
False
Is 29269 a prime number?
True
Is 985213 composite?
False
Is 32933 a composite number?
False
Is 727253 prime?
False
Is 1795819 a composite number?
True
Is 719 composite?
False
Is 1636247 prime?
False
Is 306301 prime?
True
Is 86119 a composite number?
True
Is 1769719 a prime number?
False
Is 3433 composite?
False
Is 298163 a composite number?
True
Is 55511 composite?
False
Is 9349 a composite number?
False
Is 196499 a prime number?
True
Is 78101 prime?
True
Is 408803 prime?
True
Is 2554 prime?
False
Is 229085 a prime number?
False
Is 5935 a composite number?
True
Is 132781 a prime number?
False
Is 17443 a composite number?
False
Is 45443 composite?
True
Is 19913 a prime number?
True
Is 3981739 prime?
True
Is 17165 a prime number?
False
Is 18829 composite?
True
Is 592521 a prime number?
False
Is 1142266 composite?
True
Is 25943 a prime number?
True
Is 45413 a prime number?
True
Is 149843 composite?
True
Is 1033493 a prime number?
True
Is 541 composite?
False
Is 52709 a composite number?
False
Is 7711 a composite number?
True
Is 141301 composite?
False
Is 2939 a composite number?
False
Is 38813 composite?
True
Is 84857 prime?
True
Is 74377 prime?
True
Is 3089 prime?
True
Is 6779 a composite number?
False
Is 149933 a prime number?
False
Is 71411 a prime number?
True
Is 38539 prime?
False
Is 40771 composite?
False
Is 2146507 composite?
True
Is 208021 a composite number?
True
Is 214934 prime?
False
Is 566 a composite number?
True
Is 585953 a composite number?
False
Is 157009 a composite number?
True
Is 546613 a prime number?
True
Is 93059 a composite number?
False
Is 44617 prime?
True
Is 346091 a prime number?
True
Is 331 prime?
True
Is 17677 a composite number?
True
Is 1949 prime?
True
Is 546461 a prime number?
True
Is 11239 prime?
True
Is 351922 composite?
True
Is 799867 prime?
False
Is 28697 a composite number?
False
Is 484159 composite?
True
Is 2767643 a composite number?
False
Is 3163 composite?
False
Is 50377 a composite number?
False
Is 184019 composite?
True
Is 322459 composite?
False
Is 906563 a prime number?
False
Is 1346 a composite number?
True
Is 152623 a prime number?
True
Is 439 a composite number?
False
Is 34421 prime?
True
Is 50359 a prime number?
True
Is 20759 a prime number?
True
Is 232581 composite?
True
Is 98617 composite?
True
Is 342413 a composite number?
False
Is 17359 composite?
False
Is 12881 composite?
True
Is 467 a prime number?
True
Is 7529 a composite number?
False
Is 196333 composite?
True
Is 8923 a composite number?
False
Is 889 prime?
False
Is 385001 composite?
False
Is 4409 prime?
True
Is 209759 composite?
True
Is 3049 a prime number?
True
Is 2145937 a composite number?
False
Is 56473 a prime number?
True
Is 90713 a prime number?
False
Is 35543 a prime number?
True
Is 54521 a prime number?
True
Is 289259 a prime number?
False
Is 329151 composite?
True
Is 1632017 composite?
True
Is 13853 composite?
True
Is 1964363 prime?
True
Is 6731 composite?
True
Is 14971 composite?
True
Is 886421 a prime number?
True
Is 26057 prime?
False
Is 14969 a prime number?
True
Is 10243 a composite number?
False
Is 19297 prime?
False
Is 200771 prime?
True
Is 2705 a composite number?
True
Is 807 composite?
True
Is 28555 prime?
False
Is 31765 prime?
False
Is 23143 a composite number?
False
Is 33563 a prime number?
True
Is 33881 composite?
True
Is 3691 a prime number?
True
Is 42043 composite?
False
Is 198547 a composite number?
True
Is 147694 prime?
False
Is 14143 prime?
True
Is 2517 a prime number?
False
Is 160151 composite?
True
Is 1192379 a composite number?
True
Is 3639 a prime number?
False
Is 184358 composite?
True
Is 546959 composite?
True
Is 105227 a composite number?
False
Is 2359 composite?
True
Is 648101 composite?
False
Is 217583 a composite number?
True
Is 720581 composite?
True
Is 5579 a composite number?
True
Is 295349 composite?
True
Is 3787757 a composite number?
False
Is 637187 a prime number?
False
Is 2421353 a composite number?
True
Is 551333 composite?
True
Is 54382 composite?
True
Is 144473 prime?
False
Is 2902 composite?
True
Is 60353 composite?
False
Is 1477 a prime number?
False
Is 4583 a composite number?
False
Is 96619 composite?
True
Is 52211 a composite number?
True
Is 6547 a prime number?
True
Is 21277 a prime number?
True
Is 56393 prime?
True
Is 8327 a prime number?
False
Is 100379 a prime number?
True
Is 1361 a composite number?
False
Is 104365 a composite number?
True
Is 90722 prime?
False
Is 60589 composite?
False
Is 173429 prime?
True
Is 147683 prime?
False
Is 6883 composite?
False
Is 33721 prime?
True
Is 2833 prime?
True
Is 156577 prime?
True
Is 15559 prime?
True
Is 2881 prime?
False
Is 635057 composite?
False
Is 39873 a prime number?
False
Is 88153 composite?
True
Is 10957 a composite number?
False
Is 406309 a composite number?
False
Is 10033 a prime number?
False
Is 12143 a prime number?
True
Is 24823 a composite number?
True
Is 11611 a prime number?
False
Is 41671 prime?
False
Is 53153 composite?
True
Is 558053 composite?
False
Is 606007 a prime number?
False
Is 210203 a prime number?
False
Is 8263 composite?
False
Is 239 a composite number?
False
Is 21587 prime?
True
Is 19301 composite?
False
Is 13829 composite?
False
Is 23645 prime?
False
Is 23251 prime?
True
Is 5006 composite?
True
Is 1485101 prime?
True
Is 8691 a prime number?
False
Is 12841 composite?
False
Is 163831 a prime number?
False
Is 1259 a prime number?
True
Is 16801 a composite number?
True
Is 245155 a composite number?
True
Is 34057 a composite number?
False
Is 4187 prime?
False
Is 23093 composite?
True
Is 3802 prime?
False
Is 5347 composite?
False
Is 3842077 composite?
False
Is 1735 a prime number?
False
Is 37057 pr